[INFO] cloning repository https://github.com/burtonageo/gfx_tutorial
[INFO] running `Command { std: "git" "-c" "credential.helper=" "-c" "credential.helper=/workspace/cargo-home/bin/git-credential-null" "clone" "--bare" "https://github.com/burtonageo/gfx_tutorial" "/workspace/cache/git-repos/https%3A%2F%2Fgithub.com%2Fburtonageo%2Fgfx_tutorial", kill_on_drop: false }`
[INFO] [stderr] Cloning into bare repository '/workspace/cache/git-repos/https%3A%2F%2Fgithub.com%2Fburtonageo%2Fgfx_tutorial'...
[INFO] running `Command { std: "git" "rev-parse" "HEAD", kill_on_drop: false }`
[INFO] [stdout] 507c123fd48ecd3c08bbbadaa49a2d659bdb8059
[INFO] checking burtonageo/gfx_tutorial against try#72f88fc4e9458f89516a0b8b0868f3718aec5b47 for pr-74989
[INFO] running `Command { std: "git" "clone" "/workspace/cache/git-repos/https%3A%2F%2Fgithub.com%2Fburtonageo%2Fgfx_tutorial" "/workspace/builds/worker-3/source", kill_on_drop: false }`
[INFO] [stderr] Cloning into '/workspace/builds/worker-3/source'...
[INFO] [stderr] done.
[INFO] validating manifest of git repo https://github.com/burtonageo/gfx_tutorial on toolchain 72f88fc4e9458f89516a0b8b0868f3718aec5b47
[INFO] running `Command { std: "/workspace/cargo-home/bin/cargo" "+72f88fc4e9458f89516a0b8b0868f3718aec5b47" "read-manifest" "--manifest-path" "Cargo.toml", kill_on_drop: false }`
[INFO] removed /workspace/builds/worker-3/source/.cargo/config
[INFO] started tweaking git repo https://github.com/burtonageo/gfx_tutorial
[INFO] finished tweaking git repo https://github.com/burtonageo/gfx_tutorial
[INFO] tweaked toml for git repo https://github.com/burtonageo/gfx_tutorial written to /workspace/builds/worker-3/source/Cargo.toml
[INFO] crate git repo https://github.com/burtonageo/gfx_tutorial already has a lockfile, it will not be regenerated
[INFO] running `Command { std: "/workspace/cargo-home/bin/cargo" "+72f88fc4e9458f89516a0b8b0868f3718aec5b47" "fetch" "--locked" "--manifest-path" "Cargo.toml", kill_on_drop: false }`
[INFO] [stderr]  Downloading crates ...
[INFO] [stderr]   Downloaded d3dcompiler-sys v0.2.0
[INFO] [stderr]   Downloaded gfx_window_glutin v0.21.0
[INFO] [stderr]   Downloaded pkg-config v0.3.12
[INFO] [stderr]   Downloaded gfx_device_gl v0.15.3
[INFO] [stderr]   Downloaded x11-dl v2.18.1
[INFO] [stderr]   Downloaded dxguid-sys v0.2.0
[INFO] [stderr]   Downloaded nalgebra v0.14.4
[INFO] [stderr]   Downloaded winit v0.11.3
[INFO] [stderr]   Downloaded d3d11-sys v0.2.0
[INFO] [stderr]   Downloaded gfx_glyph v0.9.1
[INFO] [stderr]   Downloaded ang v0.2.0
[INFO] [stderr]   Downloaded gfx_device_dx11 v0.6.0
[INFO] [stderr]   Downloaded gfx_core v0.8.2
[INFO] [stderr]   Downloaded gfx_device_metal v0.2.0
[INFO] [stderr]   Downloaded metal-rs v0.3.0
[INFO] [stderr]   Downloaded gfx_window_metal v0.3.0
[INFO] [stderr]   Downloaded gfx_window_dxgi v0.9.0
[INFO] [stderr]   Downloaded apply v0.2.2
[INFO] running `Command { std: "docker" "create" "-v" "/var/lib/crater-agent-workspace/builds/worker-3/target:/opt/rustwide/target:rw,Z" "-v" "/var/lib/crater-agent-workspace/builds/worker-3/source:/opt/rustwide/workdir:ro,Z" "-v" "/var/lib/crater-agent-workspace/cargo-home:/opt/rustwide/cargo-home:ro,Z" "-v" "/var/lib/crater-agent-workspace/rustup-home:/opt/rustwide/rustup-home:ro,Z" "-e" "SOURCE_DIR=/opt/rustwide/workdir" "-e" "CARGO_TARGET_DIR=/opt/rustwide/target" "-e" "CARGO_HOME=/opt/rustwide/cargo-home" "-e" "RUSTUP_HOME=/opt/rustwide/rustup-home" "-w" "/opt/rustwide/workdir" "-m" "1610612736" "--user" "0:0" "--network" "none" "rustops/crates-build-env@sha256:d92eaeed33fa75130ca1ee6c8a01d1ffb62bac859dfdfb3450e3e5d1c0146529" "/opt/rustwide/cargo-home/bin/cargo" "+72f88fc4e9458f89516a0b8b0868f3718aec5b47" "metadata" "--no-deps" "--format-version=1", kill_on_drop: false }`
[INFO] [stderr] WARNING: Your kernel does not support swap limit capabilities or the cgroup is not mounted. Memory limited without swap.
[INFO] [stdout] 8c92f517957fc8fa4dfbbe1844905c1ebb0d2de782d94564204e86ba863b0f7f
[INFO] running `Command { std: "docker" "start" "-a" "8c92f517957fc8fa4dfbbe1844905c1ebb0d2de782d94564204e86ba863b0f7f", kill_on_drop: false }`
[INFO] running `Command { std: "docker" "inspect" "8c92f517957fc8fa4dfbbe1844905c1ebb0d2de782d94564204e86ba863b0f7f", kill_on_drop: false }`
[INFO] running `Command { std: "docker" "rm" "-f" "8c92f517957fc8fa4dfbbe1844905c1ebb0d2de782d94564204e86ba863b0f7f", kill_on_drop: false }`
[INFO] [stdout] 8c92f517957fc8fa4dfbbe1844905c1ebb0d2de782d94564204e86ba863b0f7f
[INFO] running `Command { std: "docker" "create" "-v" "/var/lib/crater-agent-workspace/builds/worker-3/target:/opt/rustwide/target:rw,Z" "-v" "/var/lib/crater-agent-workspace/builds/worker-3/source:/opt/rustwide/workdir:ro,Z" "-v" "/var/lib/crater-agent-workspace/cargo-home:/opt/rustwide/cargo-home:ro,Z" "-v" "/var/lib/crater-agent-workspace/rustup-home:/opt/rustwide/rustup-home:ro,Z" "-e" "SOURCE_DIR=/opt/rustwide/workdir" "-e" "CARGO_TARGET_DIR=/opt/rustwide/target" "-e" "CARGO_INCREMENTAL=0" "-e" "RUST_BACKTRACE=full" "-e" "RUSTFLAGS=--cap-lints=forbid" "-e" "CARGO_HOME=/opt/rustwide/cargo-home" "-e" "RUSTUP_HOME=/opt/rustwide/rustup-home" "-w" "/opt/rustwide/workdir" "-m" "1610612736" "--user" "0:0" "--network" "none" "rustops/crates-build-env@sha256:d92eaeed33fa75130ca1ee6c8a01d1ffb62bac859dfdfb3450e3e5d1c0146529" "/opt/rustwide/cargo-home/bin/cargo" "+72f88fc4e9458f89516a0b8b0868f3718aec5b47" "check" "--frozen" "--all" "--all-targets" "--message-format=json", kill_on_drop: false }`
[INFO] [stdout] b370c84383c36e3a1d66168e342cbc17c2be6e2316189a0987ee4303da9f7b32
[INFO] [stderr] WARNING: Your kernel does not support swap limit capabilities or the cgroup is not mounted. Memory limited without swap.
[INFO] running `Command { std: "docker" "start" "-a" "b370c84383c36e3a1d66168e342cbc17c2be6e2316189a0987ee4303da9f7b32", kill_on_drop: false }`
[INFO] [stderr]     Blocking waiting for file lock on package cache
[INFO] [stderr]    Compiling cc v1.0.18
[INFO] [stderr]    Compiling bitflags v1.0.3
[INFO] [stderr]     Checking libc v0.2.42
[INFO] [stderr]     Checking lazy_static v1.0.2
[INFO] [stderr]    Compiling khronos_api v2.2.0
[INFO] [stderr]     Checking cfg-if v0.1.4
[INFO] [stderr]    Compiling unicode-xid v0.0.4
[INFO] [stderr]    Compiling either v1.5.0
[INFO] [stderr]    Compiling quote v0.3.15
[INFO] [stderr]     Checking nodrop v0.1.12
[INFO] [stderr]    Compiling pkg-config v0.3.12
[INFO] [stderr]    Compiling rayon-core v1.4.1
[INFO] [stderr]    Compiling num-iter v0.1.37
[INFO] [stderr]     Checking rand_core v0.2.1
[INFO] [stderr]     Checking byteorder v1.2.3
[INFO] [stderr]     Checking token_store v0.1.2
[INFO] [stderr]     Checking rustc-serialize v0.3.24
[INFO] [stderr]     Checking memoffset v0.2.1
[INFO] [stderr]    Compiling matrixmultiply v0.1.14
[INFO] [stderr]     Checking scopeguard v0.3.3
[INFO] [stderr]     Checking remove_dir_all v0.5.1
[INFO] [stderr]     Checking void v1.0.2
[INFO] [stderr]     Checking adler32 v1.0.3
[INFO] [stderr]     Checking approx v0.1.1
[INFO] [stderr]     Checking percent-encoding v1.0.1
[INFO] [stderr]     Checking rustc-demangle v0.1.9
[INFO] [stderr]     Checking lzw v0.10.0
[INFO] [stderr]     Checking rawpointer v0.1.0
[INFO] [stderr]     Checking fnv v1.0.6
[INFO] [stderr]     Checking linked-hash-map v0.5.1
[INFO] [stderr]     Checking color_quant v1.0.1
[INFO] [stderr]     Checking xi-unicode v0.1.0
[INFO] [stderr]     Checking scoped_threadpool v0.1.9
[INFO] [stderr]     Checking unicode-normalization v0.1.7
[INFO] [stderr]     Checking apply v0.2.2
[INFO] [stderr]     Checking lazy_static v0.2.11
[INFO] [stderr]     Checking wavefront_obj v5.1.0
[INFO] [stderr]     Checking find_folder v0.3.0
[INFO] [stderr]    Compiling num-traits v0.2.5
[INFO] [stderr]    Compiling num-integer v0.1.39
[INFO] [stderr]    Compiling log v0.4.3
[INFO] [stderr]     Checking draw_state v0.8.0
[INFO] [stderr]     Checking crossbeam-utils v0.2.2
[INFO] [stderr]    Compiling xml-rs v0.7.0
[INFO] [stderr]    Compiling typenum v1.10.0
[INFO] [stderr]     Checking arrayvec v0.4.7
[INFO] [stderr]    Compiling itertools v0.5.10
[INFO] [stderr]    Compiling syn v0.10.8
[INFO] [stderr]     Checking stb_truetype v0.2.2
[INFO] [stderr]     Checking unreachable v0.1.1
[INFO] [stderr]     Checking deflate v0.7.18
[INFO] [stderr]     Checking inflate v0.3.4
[INFO] [stderr]     Checking rand v0.5.4
[INFO] [stderr]     Checking rand v0.4.2
[INFO] [stderr]     Checking memmap v0.6.2
[INFO] [stderr]     Checking num_cpus v1.8.0
[INFO] [stderr]     Checking shared_library v0.1.9
[INFO] [stderr]     Checking time v0.1.40
[INFO] [stderr]     Checking gif v0.9.2
[INFO] [stderr]    Compiling x11-dl v2.18.1
[INFO] [stderr]    Compiling rayon v1.0.2
[INFO] [stderr]     Checking crossbeam-epoch v0.3.1
[INFO] [stderr]    Compiling wayland-scanner v0.12.5
[INFO] [stderr]     Checking osmesa-sys v0.1.2
[INFO] [stderr]    Compiling libloading v0.5.0
[INFO] [stderr]    Compiling backtrace-sys v0.1.23
[INFO] [stderr]    Compiling gl_generator v0.9.0
[INFO] [stderr]     Checking tempfile v3.0.3
[INFO] [stderr]     Checking twox-hash v1.1.1
[INFO] [stderr]     Checking crossbeam-deque v0.2.0
[INFO] [stderr]     Checking num-traits v0.1.43
[INFO] [stderr]     Checking num-complex v0.1.43
[INFO] [stderr]     Checking ordered-float v0.5.0
[INFO] [stderr]     Checking enum_primitive v0.1.1
[INFO] [stderr]     Checking ang v0.2.0
[INFO] [stderr]     Checking generic-array v0.8.3
[INFO] [stderr]    Compiling wayland-client v0.12.5
[INFO] [stderr]    Compiling wayland-protocols v0.12.5
[INFO] [stderr]     Checking dlib v0.4.1
[INFO] [stderr]     Checking rusttype v0.4.3
[INFO] [stderr]     Checking wayland-sys v0.12.5
[INFO] [stderr]     Checking num-bigint v0.1.44
[INFO] [stderr]     Checking alga v0.5.4
[INFO] [stderr]     Checking png v0.11.0
[INFO] [stderr]     Checking backtrace v0.3.9
[INFO] [stderr]     Checking num-rational v0.1.42
[INFO] [stderr]    Compiling gfx_gl v0.5.0
[INFO] [stderr]    Compiling glutin v0.13.1
[INFO] [stderr]     Checking nalgebra v0.14.4
[INFO] [stderr]     Checking num v0.1.42
[INFO] [stderr]     Checking jpeg-decoder v0.1.15
[INFO] [stdout] error[E0592]: duplicate definitions with name `new`
[INFO] [stdout]    --> /opt/rustwide/cargo-home/registry/src/github.com-1ecc6299db9ec823/nalgebra-0.14.4/src/core/construction.rs:510:13
[INFO] [stdout]     |
[INFO] [stdout] 510 |               pub fn new($($args: N),*) -> Self {
[INFO] [stdout]     |               ^^^^^^^^^^^^^^^^^^^^^^^^^^^^^^^^^ duplicate definitions for `new`
[INFO] [stdout] ...
[INFO] [stdout] 522 | / componentwise_constructors_impl!(
[INFO] [stdout] 523 | |     /*
[INFO] [stdout] 524 | |      * Square matrices 1 .. 6.
[INFO] [stdout] 525 | |      */
[INFO] [stdout] ...   |
[INFO] [stdout] 664 | |     U6, U1, x:(0,0), y:(1,0), z:(2,0), w:(3,0), a:(4,0), b:(5,0);
[INFO] [stdout] 665 | | );
[INFO] [stdout]     | |__- in this macro invocation
[INFO] [stdout]     | 
[INFO] [stdout]    ::: /opt/rustwide/cargo-home/registry/src/github.com-1ecc6299db9ec823/nalgebra-0.14.4/src/core/construction_slice_deprecated.rs:171:13
[INFO] [stdout]     |
[INFO] [stdout] 171 |               pub fn new(data: &'a [N], $($args: usize),*) -> Self {
[INFO] [stdout]     |               ---------------------------------------------------- other definition for `new`
[INFO] [stdout]     |
[INFO] [stdout]     = note: this error originates in a macro (in Nightly builds, run with -Z macro-backtrace for more info)
[INFO] [stdout] 
[INFO] [stdout] 
[INFO] [stdout] error[E0592]: duplicate definitions with name `new`
[INFO] [stdout]    --> /opt/rustwide/cargo-home/registry/src/github.com-1ecc6299db9ec823/nalgebra-0.14.4/src/core/construction.rs:510:13
[INFO] [stdout]     |
[INFO] [stdout] 510 |               pub fn new($($args: N),*) -> Self {
[INFO] [stdout]     |               ^^^^^^^^^^^^^^^^^^^^^^^^^^^^^^^^^ duplicate definitions for `new`
[INFO] [stdout] ...
[INFO] [stdout] 522 | / componentwise_constructors_impl!(
[INFO] [stdout] 523 | |     /*
[INFO] [stdout] 524 | |      * Square matrices 1 .. 6.
[INFO] [stdout] 525 | |      */
[INFO] [stdout] ...   |
[INFO] [stdout] 664 | |     U6, U1, x:(0,0), y:(1,0), z:(2,0), w:(3,0), a:(4,0), b:(5,0);
[INFO] [stdout] 665 | | );
[INFO] [stdout]     | |__- in this macro invocation
[INFO] [stdout]     | 
[INFO] [stdout]    ::: /opt/rustwide/cargo-home/registry/src/github.com-1ecc6299db9ec823/nalgebra-0.14.4/src/core/construction_slice_deprecated.rs:232:13
[INFO] [stdout]     |
[INFO] [stdout] 232 |               pub fn new(data: &'a mut [N], $($args: usize),*) -> Self {
[INFO] [stdout]     |               -------------------------------------------------------- other definition for `new`
[INFO] [stdout]     |
[INFO] [stdout]     = note: this error originates in a macro (in Nightly builds, run with -Z macro-backtrace for more info)
[INFO] [stdout] 
[INFO] [stdout] 
[INFO] [stdout] error: aborting due to 2 previous errors
[INFO] [stdout] 
[INFO] [stdout] 
[INFO] [stdout] For more information about this error, try `rustc --explain E0592`.
[INFO] [stdout] 
[INFO] [stderr] error: could not compile `nalgebra`.
[INFO] [stderr] 
[INFO] [stderr] To learn more, run the command again with --verbose.
[INFO] [stderr] warning: build failed, waiting for other jobs to finish...
[INFO] [stdout] error[E0592]: duplicate definitions with name `new`
[INFO] [stdout]    --> /opt/rustwide/cargo-home/registry/src/github.com-1ecc6299db9ec823/nalgebra-0.14.4/src/core/construction.rs:510:13
[INFO] [stdout]     |
[INFO] [stdout] 510 |               pub fn new($($args: N),*) -> Self {
[INFO] [stdout]     |               ^^^^^^^^^^^^^^^^^^^^^^^^^^^^^^^^^ duplicate definitions for `new`
[INFO] [stdout] ...
[INFO] [stdout] 522 | / componentwise_constructors_impl!(
[INFO] [stdout] 523 | |     /*
[INFO] [stdout] 524 | |      * Square matrices 1 .. 6.
[INFO] [stdout] 525 | |      */
[INFO] [stdout] ...   |
[INFO] [stdout] 664 | |     U6, U1, x:(0,0), y:(1,0), z:(2,0), w:(3,0), a:(4,0), b:(5,0);
[INFO] [stdout] 665 | | );
[INFO] [stdout]     | |__- in this macro invocation
[INFO] [stdout]     | 
[INFO] [stdout]    ::: /opt/rustwide/cargo-home/registry/src/github.com-1ecc6299db9ec823/nalgebra-0.14.4/src/core/construction_slice_deprecated.rs:171:13
[INFO] [stdout]     |
[INFO] [stdout] 171 |               pub fn new(data: &'a [N], $($args: usize),*) -> Self {
[INFO] [stdout]     |               ---------------------------------------------------- other definition for `new`
[INFO] [stdout]     |
[INFO] [stdout]     = note: this error originates in a macro (in Nightly builds, run with -Z macro-backtrace for more info)
[INFO] [stdout] 
[INFO] [stdout] 
[INFO] [stdout] error[E0592]: duplicate definitions with name `new`
[INFO] [stdout]    --> /opt/rustwide/cargo-home/registry/src/github.com-1ecc6299db9ec823/nalgebra-0.14.4/src/core/construction.rs:510:13
[INFO] [stdout]     |
[INFO] [stdout] 510 |               pub fn new($($args: N),*) -> Self {
[INFO] [stdout]     |               ^^^^^^^^^^^^^^^^^^^^^^^^^^^^^^^^^ duplicate definitions for `new`
[INFO] [stdout] ...
[INFO] [stdout] 522 | / componentwise_constructors_impl!(
[INFO] [stdout] 523 | |     /*
[INFO] [stdout] 524 | |      * Square matrices 1 .. 6.
[INFO] [stdout] 525 | |      */
[INFO] [stdout] ...   |
[INFO] [stdout] 664 | |     U6, U1, x:(0,0), y:(1,0), z:(2,0), w:(3,0), a:(4,0), b:(5,0);
[INFO] [stdout] 665 | | );
[INFO] [stdout]     | |__- in this macro invocation
[INFO] [stdout]     | 
[INFO] [stdout]    ::: /opt/rustwide/cargo-home/registry/src/github.com-1ecc6299db9ec823/nalgebra-0.14.4/src/core/construction_slice_deprecated.rs:232:13
[INFO] [stdout]     |
[INFO] [stdout] 232 |               pub fn new(data: &'a mut [N], $($args: usize),*) -> Self {
[INFO] [stdout]     |               -------------------------------------------------------- other definition for `new`
[INFO] [stdout]     |
[INFO] [stdout]     = note: this error originates in a macro (in Nightly builds, run with -Z macro-backtrace for more info)
[INFO] [stdout] 
[INFO] [stdout] 
[INFO] [stdout] error: aborting due to 2 previous errors
[INFO] [stdout] 
[INFO] [stdout] 
[INFO] [stdout] For more information about this error, try `rustc --explain E0592`.
[INFO] [stdout] 
[INFO] [stderr] error: build failed
[INFO] running `Command { std: "docker" "inspect" "b370c84383c36e3a1d66168e342cbc17c2be6e2316189a0987ee4303da9f7b32", kill_on_drop: false }`
[INFO] running `Command { std: "docker" "rm" "-f" "b370c84383c36e3a1d66168e342cbc17c2be6e2316189a0987ee4303da9f7b32", kill_on_drop: false }`
[INFO] [stdout] b370c84383c36e3a1d66168e342cbc17c2be6e2316189a0987ee4303da9f7b32
